*j. Give p(9).
5
Let s(j) = 11*j + 39. Let z be s(-3). Suppose 2*n + 8 = -2*n - t, 0 = -3*n + 3*t - z. Let d(u) = u - 1. Calculate d(n).
-3
Let g be ((-4)/2)/((-8)/36*9/5). Let x(a) = -2*a**3 + 7*a**2 - a + 7. What is x(g)?
-73
Let w(f) = -2*f**3 - 194*f**2 - 15. Let a be w(-97). Let b(o) = o**3 + 16*o**2 + 13*o - 9. Determine b(a).
21
Let f(c) be the third derivative of c**6/120 - c**5/12 - 3*c**4/8 + c**3 - 363*c**2. What is f(6)?
-12
Let y be (-2)/(-4*4/32). Suppose 4*s - 2 = -2*w, -9*s + 10 = -y*s + 5*w. Let i(o) = 4*o**2 - 4*o**2 + o - o**2 + 1. What is i(s)?
-1
Let c(d) = d**3 + d**2 + 15. Let s(t) = -t**2 - 50*t - 456. Let m be s(-38). Give c(m).
15
Let d = -292 - -296. Let f(r) = 77*r + 19. Let k(x) = -26*x - 7. Let q(y) = d*f(y) + 11*k(y). Determine q(1).
21
Let u(l) be the third derivative of l**6/720 + l**5/10 + l**4/12 + 55*l**3/6 + 4*l**2 + 2. Let a(m) be the second derivative of u(m). What is a(-9)?
3
Let b(n) = -12*n - 177. Let y(m) = 12*m + 151. Let f(x) = -4*b(x) - 5*y(x). Calculate f(-4).
1
Let m(d) = 11*d - 235. Let r be m(28). Suppose -79 = 3*i - r. Let n(p) = p**2 + 3*p + 3. Determine n(i).
1
Let z(u) be the third derivative of u**6/120 - 2*u**5/15 - 7*u**4/24 - 11*u**3/6 - 6*u**2. Let c be ((-72)/20)/((-12)/30). What is z(c)?
7
Let v = -122 - -99. Let f = 13 + v. Let y(r) = -r**2 - 10*r - 7. Calculate y(f).
-7
Suppose 9 = 5*v - 1. Suppose 3 = -4*r - 5*u - 4, -2*r - v = 4*u. Let x(z) be the third derivative of -z**6/120 - z**5/20 - z**3/2 - 4*z**2 + 11*z. Give x(r).
-3
Let c(z) be the second derivative of -z**6/120 + z**5/20 + 71*z**4/6 + 67*z. Let y(g) be the third derivative of c(g). Calculate y(4).
-18
Let u(y) be the third derivative of y**4/8 + y**3/2 + 16*y**2. Let h = -235 + 232. What is u(h)?
-6
Let s = -14448 + 14441. Let n(l) = l**2 + 8*l + 5. What is n(s)?
-2
Let g(c) = -c**2 - 3*c. Let x = -84 - -214. Suppose 133*y - 9 = x*y. Suppose 3*u - y*r + 3 = 0, 5*u + 15 - 2 = 3*r. Give g(u).
-10
Let c(m) = -m**3 + 5*m**2 - m - 5. Suppose -24*n = -366 + 102. Suppose 7*r - 17 = n. Give c(r).
7
Suppose 4*j - 5*o = 25, -2*j + 4*o + 7 + 13 = 0. Let y = 1 - j. Let u(i) = -19*i - y - 3*i**2 - 20*i + 40*i. Determine u(1).
-3
Let b(o) = o**3 - 21*o**2 - 22*o - 9. Suppose 6*r - 8*r + 24 = c, -3*r = -3. Calculate b(c).
-9
Let h(m) be the second derivative of 0*m**2 + 49*m - 5/6*m**3 + 0 - 1/3*m**4 + 1/20*m**5. Give h(5).
0
Let l(d) = -714*d**2 + 403*d**2 + 156*d**2 + 149*d**2 - d**3 + d + 1. Let i(m) = 4*m. Let t be i(-2). Let g = t - -2. Calculate l(g).
-5
Let b(k) = k + 9. Let u(j) = j**3 - 10*j**2 + 2*j - 39. Let f be u(10). Let h be 7 + f + (7 - 3). Determine b(h).
1
Let a(k) = -3*k**2 - 14*k + 1. Let v(s) = 8*s**2 + 40*s - 3. Let p(g) = 11*a(g) + 4*v(g). Calculate p(8).
-17
Suppose -243*s = -1395 - 2250. Let l(u) = 6*u - 37. Let y(k) = 7*k - 38. Let g(d) = -5*l(d) + 4*y(d). What is g(s)?
3
Let y(g) = 14*g**2 - 2*g - 3. Let i be y(-1). Let j(p) = 166*p - 80*p - 91*p + i. Determine j(9).
-32
Let k(d) = 2*d**2 + 2*d - 20. Suppose 0 = 6*h - 64 + 106. Let j(i) = i**2 + 2*i - 10. Let z(f) = h*j(f) + 3*k(f). Determine z(-9).
1
Let b(r) = 134 + 4*r - 3*r - 128. Let l(g) = -g - 10. Let k be l(-15). Calculate b(k).
11
Suppose -4*d + 8 = -2*d, -3*h - 3*d + 18 = 0. Let u(t) = -4 - 1 + t**2 + 9 - 2 + t. Give u(h).
8
Let l = -125 + 129. Let x(b) = 4*b - 28*b + 12*b + l*b. Let h(y) = -y**3 - 10*y**2 + 2. Let d be h(-10). Determine x(d).
-16
Let b(x) = 11*x - 1692. Let s be b(154). Let i(u) = -19*u + 3. Give i(s).
-35
Let m(u) = 7 + 192*u**2 + 14*u - 23*u - 191*u**2 - 20. Calculate m(-2).
9
Let s = -64 - -64. Let g(m) be the first derivative of -m**3/3 - m**2/2 + 18*m + 94. What is g(s)?
18
Let o(k) = 1. Suppose -21*a + 33*a - 12 = 0. Let x(s) = -s - 2. Let t(n) = a*x(n) + 5*o(n). What is t(10)?
-7
Let j(w) be the second derivative of -w**4/6 + 2*w**3/3 + 3*w. Let f = -21655 + 21658. What is j(f)?
-6
Let y be (9 - -1) + (-3474)/386. Let d(a) = -68*a. Give d(y).
-68
Let o(m) = -m**3 + 14*m**2 - 12*m - 1. Let n be o(13). Suppose 55 = 9*h + 10. Let y(j) = -h*j - 19 - j**2 + 4 + n. Determine y(-7).
-17
Let t(w) be the first derivative of -w**2/2 - 63*w + 8785. Calculate t(-16).
-47
Let v(g) be the first derivative of -7*g - g**2 - 1/4*g**4 - 2*g**3 + 2. Let o be -4 + 147/(-77) + 6/(-66). Determine v(o).
5
Let j(u) = -u**3 + 8*u**2 - 26*u + 6. Let v = -3620 + 3624. Calculate j(v).
-34
Let q(b) = -53*b**2 + 126*b**2 - 74*b**2 - b. Suppose -10*j - 4 = -14*j. What is q(j)?
-2
Let o = 28 + -27. Suppose h - 3*h = -4. Let n(j) = j**2 + 1 - 2 + 9*j**3 + j**h - 4*j**3. Determine n(o).
6
Let z(u) = u - 3. Suppose 3*c + 2*x = 8, 0 = -2*x - 10. Let k(n) = -3*n + 10. Let l be k(c). Determine z(l).
-11
Let q be (-2)/(48/200) - 4/(-3). Let b(g) = g**2 + 9*g + 4. Let p be b(q). Let k(d) = d + 10. Determine k(p).
0
Let s(g) = g**2 + g. Let c(z) = z**2 - 8*z - 4. Let d(k) = -k**2 + 2*k. Let f(p) = -c(p) - 2*d(p). Let i = 11 + -13. Let n(o) = i*s(o) + f(o). Give n(6).
-20
Let v(i) be the third derivative of 3*i**4/8 + 3*i**3/2 + 1095*i**2. Determine v(-7).
-54
Let g(s) = -2*s**2 + 109*s - 41. Let d be g(54). Let j = -1 - -1. Suppose -2*u + 4*z - 8 = j, -5*z = -2*u - u - d. Let r(i) = 4*i + 7. Calculate r(u).
-17
Let o(x) = x - 32. Let n(t) = -3*t + 70. Let y be ((-462)/165)/(6/15). Let c(q) = y*o(q) - 3*n(q). Calculate c(-10).
-6
Let h(g) = -9*g + 2. Let t = -343 - -173. Let m = t + 172. Give h(m).
-16
Let c(s) = -3*s + s - 3 - 1. Let g = 8848 + -8852. Calculate c(g).
4
Let u(z) = -3*z + 7 + 0 + 10. Let y(w) = 2*w**3 - 51*w**2 + 142*w - 13. Let d be y(3). Calculate u(d).
-7
Let p(d) = 10 - d**2 + 8*d**2 - d**3 - 13*d - 17*d + 26*d - 9*d. Determine p(5).
-5
Suppose 0 = 2*f + 5*b - 3 + 27, -f - 12 = -5*b. Let t(g) = g**2 + 13*g + 17. Let i be t(f). Let l(p) = 3*p + 8*p + i*p - 4*p. Determine l(1).
12
Let z(o) = -o + 4. Let p(m) = m - 4. Let y(w) = 3*p(w) + 2*z(w). Let q(x) = 1 + 1 - 1 + x**2 + 2 + 2*x. Let l be q(-3). Calculate y(l).
2
Let s(v) = -3*v + 2. Suppose 0 = -32*z + 18*z - 5180. Let m = z + 371. Determine s(m).
-1
Suppose 4*q + 39 - 63 = 0. Suppose 11 - 17 = q*u. Let g(y) = -23*y. Determine g(u).
23
Let a be (308/42)/(2/6). Let o(r) = -a*r - 11 + 14*r - 9*r + r**2 + 5 - 21. Calculate o(19).
11
Suppose 0 = -3*s - x + 9, -31 = -4*s - x + 6*x. Suppose s*z - 3 = -o + 5*z, 5*o + 4*z - 24 = 0. Let y(p) = o*p - 3*p - 3*p - 8. Determine y(-8).
8
Let z be ((-56)/3)/(-4) - 5/(-15). Suppose 0*r = z*r - 5*w - 55, -1 = -w. Let y(p) = -5*p - 5*p + 19*p - r*p. Give y(-2).
6
Let b(x) be the first derivative of -x**4/4 - 14*x**3/3 + 11*x**2/2 - 42*x - 359. Give b(-15).
18
Let h(g) = 10*g - 3 - 3*g - 13*g + g. Give h(2).
-13
Let q(u) = -u**3 - 8*u**2 - 9*u - 6. Let y = -202 - -208. Suppose -35 - 7 = y*p. Give q(p).
8
Let d(f) be the third derivative of -f**6/60 - 19*f**5/60 + f**4/3 - 7*f**3/3 - 1343*f**2. Calculate d(-10).
6
Let f(b) = -3*b + 1. Let l = -35 + 40. Let k be (l/(-5))/(2/(-36)). Suppose 10 = -3*r + 4*c, -3*c = 5*r - 4 - k. Calculate f(r).
-5
Let p(u) = u**2 + 4*u + 4. Let j = 151 - 150. Suppose o - 5*g + j - 5 = 0, 0 = 2*g. Give p(o).
36
Let f(p) = -61 + 42 + 40 + 41 + 0*p - 2*p. Give f(29).
4
Suppose m - 2 = -4*h + 4, 4*m - 6 = 2*h. Suppose -7 = m*x - 25. Suppose -3 - x = -2*w. Let v(y) = -2*y + 5. Give v(w).
-7
Let v(f) = f**2 - 10*f - 10. Let q(i) = 2*i**2 - 9*i - 11. Let b(s) = -2*q(s) + 3*v(s). Suppose 55*l - 59*l - j - 29 = 0, -5*l = 3*j + 31. Determine b(l).
24
Let q(x) = -29*x**3 - 18*x**2 - 59*x + 10. Let c(h) = -51*h**3 - 35*h**2 - 115*h + 20. Let i(v) = -4*c(v) + 7*q(v). What is i(-8)?
-2
Let b(m) = -68*m**2 + m - 1. Let c = -11843 - -11844. What is b(c)?
-68
Suppose 0 = -20*g + 18*g + 110. Let w = 109 - g. Let c = 50 - w. Let v(y) = -y**3 - 5*y**2 - 4*y. Give v(c).
0
Let i(v) = -3*v + 2. Let d(b) = -b - 20. Let j be d(-17). Let t be 3 + j + (1 - -3). Suppose 2*f + 2 = -t. What is i(f)?
11
Let o(h) = -2*h**3 - 19*h**2 - h + 2. Let s(m) = 16*m**3 + 146*m**2 + 5*m - 18. Let w(f) = -23*o(f) - 3*s(f). Calculate w(-2).
4
Let b(l) be the second derivative of l**7/2520 - l**6/144 - 11*l**5/120 - l**4/12 - 17*l**3 + l + 136. Let w(p) be the third derivative of b(p). Determine w(6).
-5
Let p(b) be the first derivative of -b**4/4 - 8*b**3/3 + b**2/2 - 11